ctors of 744864644.
2, 186216161
List the prime factors of 250094340.
2, 3, 5, 19, 73127
What are the prime factors of 297071095?
5, 53, 1121023
What are the prime factors of 84314421?
3, 9368269
List the prime factors of 30028940.
2, 5, 1501447
List the prime factors of 186497605.
5, 7, 1901, 2803
What are the prime factors of 327194776?
2, 40899347
List the prime factors of 24567642.
2, 3, 11, 127, 977
What are the prime factors of 5029629824?
2, 39293983
List the prime factors of 557650534.
2, 7, 39832181
What are the prime factors of 11545056?
2, 3, 40087
List the prime factors of 287057187.
3, 19, 1678697
List the prime factors of 218848422.
2, 3, 13, 19, 147671
List the prime factors of 20325949.
7, 47, 61781
What are the prime factors of 388445097?
3, 31, 1427, 2927
List the prime factors of 98651381.
98651381
List the prime factors of 578037713.
11, 307, 171169
What are the prime factors of 1180938?
2, 3, 11, 29, 617
List the prime factors of 283656328.
2, 421, 84221
What are the prime factors of 2594975717?
103, 25193939
List the prime factors of 543801145.
5, 67, 1623287
List the prime factors of 553748651.
553748651
What are the prime factors of 1820467394?
2, 743, 1225079
List the prime factors of 16048237.
1163, 13799
What are the prime factors of 251400777?
3, 17, 4929427
What are the prime factors of 83866847?
47, 1784401
What are the prime factors of 3038087943?
3, 11, 47, 652931
What are the prime factors of 102889480?
2, 5, 2572237
What are the prime factors of 1250953950?
2, 3, 5, 8339693
List the prime factors of 45969344.
2, 718271
What are the prime factors of 397879029?
3, 6203, 7127
List the prime factors of 831905814.
2, 3, 23, 6028303
What are the prime factors of 101922454?
2, 73, 131
List the prime factors of 62921399.
23, 2735713
What are the prime factors of 295680500?
2, 5, 769
List the prime factors of 576037642.
2, 288018821
List the prime factors of 514423455.
3, 5, 7, 13, 31, 12157
List the prime factors of 63595274.
2, 59, 538943
What are the prime factors of 1339685159?
37, 36207707
What are the prime factors of 2347833?
3, 782611
What are the prime factors of 7798763?
7, 31, 83, 433
What are the prime factors of 548204486?
2, 683, 401321
What are the prime factors of 34181684?
2, 19, 449759
What are the prime factors of 76289284?
2, 61, 83, 3767
List the prime factors of 160065102.
2, 3, 26677517
List the prime factors of 259437113.
13, 109, 183089
List the prime factors of 116972183.
116972183
List the prime factors of 251958730.
2, 5, 743, 33911
What are the prime factors of 2165233997?
43, 139, 193, 1877
List the prime factors of 39498348.
2, 3, 29, 113501
What are the prime factors of 152927742?
2, 3, 11, 2317087
List the prime factors of 521984765.
5, 104396953
List the prime factors of 64884572.
2, 16221143
What are the prime factors of 1572573804?
2, 3, 443, 295819
What are the prime factors of 126881270?
2, 5, 59, 83, 2591
List the prime factors of 53582307.
3, 17860769
List the prime factors of 41669815.
5, 11, 757633
List the prime factors of 3622338885.
3, 5, 11, 19, 23, 4567
What are the prime factors of 41373461?
17, 2433733
What are the prime factors of 24825842?
2, 12412921
What are the prime factors of 2445430086?
2, 3, 11, 229, 4903
List the prime factors of 174527692.
2, 19, 167, 13751
List the prime factors of 68775022.
2, 19, 179, 10111
List the prime factors of 37781959.
491, 76949
What are the prime factors of 3083688?
2, 3, 42829
What are the prime factors of 206805720?
2, 3, 5, 11, 156671
List the prime factors of 4954770.
2, 3, 5, 2039
What are the prime factors of 1436863101?
3, 478954367
List the prime factors of 136649125.
5, 83, 13171
List the prime factors of 48921386.
2, 1063, 23011
List the prime factors of 4365551060.
2, 5, 13, 79, 257, 827
What are the prime factors of 5375612822?
2, 2687806411
List the prime factors of 5489095387.
157, 34962391
What are the prime factors of 55050327?
3, 31, 89, 739
What are the prime factors of 40187543?
11, 547, 6679
What are the prime factors of 2882418837?
3, 29, 33131251
List the prime factors of 1006370140.
2, 5, 4957, 10151
What are the prime factors of 42032428?
2, 97, 127, 853
What are the prime factors of 325316076?
2, 3, 27109673
What are the prime factors of 33651365?
5, 11, 41, 14923
List the prime factors of 382109821.
382109821
List the prime factors of 55616294.
2, 31, 401, 2237
List the prime factors of 270851355.
3, 5, 6018919
List the prime factors of 4821425151.
3, 1607141717
What are the prime factors of 5134321?
89, 57689
What are the prime factors of 974934103?
11, 13, 593, 11497
List the prime factors of 39213686.
2, 239, 82037
What are the prime factors of 3737548992?
2, 3, 43, 59, 7673
What are the prime factors of 3733160?
2, 5, 93329
What are the prime factors of 679329649?
679329649
List the prime factors of 2273488160.
2, 5, 71, 200131
What are the prime factors of 6023096276?
2, 109, 13814441
What are the prime factors of 1619429628?
2, 3, 53, 71, 35863
List the prime factors of 21839819.
47, 139, 3343
List the prime factors of 1244227103.
7, 19, 9355091
List the prime factors of 554733277.
7, 79247611
What are the prime factors of 121831684?
2, 13, 239, 9803
List the prime factors of 98906061.
3, 32968687
What are the prime factors of 323496853?
653, 495401
What are the prime factors of 1783559038?
2, 7867, 113357
What are the prime factors of 41510399?
7, 847151
List the prime factors of 131701095.
3, 5, 71, 41221
What are the prime factors of 245429022?
2, 3, 40904837
List the prime factors of 1583993677.
7, 226284811
List the prime factors of 14615873.
1787, 8179
What are the prime factors of 66327878?
2, 33163939
What are the prime factors of 165652286?
2, 181, 193, 2371
What are the prime factors of 241758589?
23, 2531, 4153
What are the prime factors of 1996645112?
2, 7, 11, 103, 31469
What are the prime factors of 61343758?
2, 7, 29, 139, 1087
List the prime factors of 1077256450.
2, 5, 47, 458407
What are the prime factors of 86489352?
2, 3, 1201241
What are the prime factors of 1383470582?
2, 13, 53210407
List the prime factors of 81525806.
2, 151, 269953
What are the prime factors of 73295344?
2, 4580959
List the prime factors of 3831107.
7, 547301
List the prime factors of 4752699538.
2, 67, 35467907
List the prime factors of 1319817569.
7, 193, 976919
What are the prime factors of 5467299816?
2, 3, 11, 41, 47, 977
What are the prime factors of 50987539?
17, 29, 103423
What are the prime factors of 57378394?
2, 28689197
What are the prime factors of 1041496706?
2, 520748353
List the prime factors of 4517685.
3, 5, 100393
List the prime factors of 167408947.
67, 2498641
What are the prime factors of 233211054?
2, 3, 19, 67, 1607
List the prime factors of 1937587572.
2, 3, 479, 112363
List the prime factors of 66806617.
17, 83, 113, 419
What are the prime factors of 72476254?
2, 2339, 15493
List the prime factors of 2514534626.
2, 1257267313
What are the prime factors of 36763942?
2, 71, 89, 2909
List the prime factors of 20341211.
11, 1849201
List the prime factors of 547266124.
2, 131, 173, 6037
List the prime factors of 47850354.
2, 3, 2658353
What are the prime factors of 3826901815?
5, 11, 19, 3662107
List the prime factors of 3362298118.
2, 67, 2347, 10691
What are the prime factors of 101920392?
2, 3, 7, 4127
List the prime factors of 62335399.
7, 1272151
What are the prime factors of 265935837?
3, 19, 1097, 4253
List the prime factors of 178981213.
6217, 28789
What are the prime factors of 1949807622?
2, 3, 7, 17, 2730823
List the prime factors of 507617634.
2, 3, 84602939
List the prime factors of 1407701866.
2, 601, 1171133
List the prime factors of 444271055.
5, 43, 1069, 1933
What are the prime factors of 60108452?
2, 599, 25087
List the prime factors of 92295409.
211, 421, 1039
What are the prime factors of 200570238?
2, 3, 11, 1012981
List the prime factors of 277273982.
2, 31, 89, 109, 461
List the prime factors of 79250073.
3, 7, 17, 221989
What are the prime factors of 76092915?
3, 5, 337, 15053
What are the prime factors of 33811985?
5, 173, 39089
List the prime factors of 138428982.
2, 3, 557, 13807
List the prime factors of 168725179.
7, 409, 8419
List the prime factors of 6